2 + 823. What is the highest common factor of 180 and j?
4
Let t be (35/(4900/(-320)))/(6/(-1148))*6. Calculate the highest common factor of 448 and t.
64
Let x(k) = 5*k**3 - 3*k**2 - 192*k + 766. Let b be x(4). What is the highest common divisor of b and 3270?
30
Suppose -32*r + 5*p - 144 = -36*r, 16 = -4*p. What is the highest common divisor of 8 and r?
1
Let d = -451 - -450. Let z be 261/(-9)*(d - 2 - 2). What is the highest common factor of 5 and z?
5
Let c = -596 - -564. Let q be (-252)/(-72)*c/(-7). Calculate the highest common factor of q and 24.
8
Suppose 228 = 22*g - 21*g. Let c = -128 + g. Suppose -r - 105 = -2*j - 5, 3*j - 150 = 5*r. What is the greatest common divisor of j and c?
50
Suppose o = 5*o - 108. Suppose 6 = -3*d - 5*g + 45, 3*d + g = o. Let h(c) = -34*c - 700. Let k be h(-22). What is the greatest common factor of k and d?
8
Let d(f) = f**3 - 9*f**2 - 54*f + 41. Let u be d(14). What is the greatest common factor of 1537 and u?
53
Let c(q) = 17 - 17 - 40*q. Let n be c(-1). Suppose 1608 = -0*a + 4*a - 4*d, 5*a = 4*d + 2008. What is the highest common factor of n and a?
40
Let b be -9 - -10 - 1*35. Let z = -30 - b. Suppose -3*f - 2*v + 551 - 153 = 0, -2*f = z*v - 268. What is the highest common divisor of 88 and f?
44
Let y(l) = 8*l - 142. Let r(c) = 37*c - 710. Let q(z) = 2*r(z) - 11*y(z). Let d be q(10). Calculate the highest common divisor of d and 22.
2
Let i be (-4)/(-14) + 5 + 112/(-49). Suppose -798 = -9*f + i*f. Let n = f + -113. Calculate the highest common factor of 10 and n.
10
Suppose 3*t + 4 = 5*t. Suppose 6 = 4*j - t. Let a = 44 - j. Calculate the highest common divisor of a and 6.
6
Suppose 8722 = 2*j - 4*p, 3*j - 13009 = 2*p + 82. Calculate the greatest common divisor of 45 and j.
45
Let o be (-7 + 10 + -1)/((-5)/(-455)). What is the highest common divisor of 819 and o?
91
Let a(k) be the third derivative of k**4/4 - 223*k**3/6 - k**2 - 48. Let j be a(47). Calculate the highest common divisor of 708 and j.
59
Let d = -639 + 649. Let j be (3 + 597)/d - -1*3. What is the highest common divisor of j and 7?
7
Let m(s) = -s**3 - 10*s**2 - 32*s + 1. Let y be m(-5). What is the greatest common factor of y and 846?
18
Let r = -118 - -135. Let s = r - -104. Calculate the greatest common divisor of s and 22.
11
Suppose -8*u + 273 = -263. Suppose 5*v = -3*a - 250, -6*a = v - 2*a + u. Let l = v + 105. Calculate the greatest common divisor of l and 29.
29
Let j = -19 + 24. Suppose 0 = j*x + n - 124, 4 - 7 = 3*n. Suppose 2*p = 3*u - 393, -3*u + 5*p + 359 = -x. Calculate the greatest common divisor of u and 19.
19
Let q be -4 - ((-21)/5 - (-4)/20). Suppose q = -15*a + 4*a + 132. What is the highest common divisor of 156 and a?
12
Let g(t) = 86*t - 343. Suppose 0 = 3*j - m - 2*m - 27, 5*j - 53 = -3*m. Let f be g(j). Calculate the highest common factor of f and 11.
11
Let t(d) = -722*d + 478. Let x be t(-1). What is the highest common factor of 1040 and x?
80
Let a = -68 + 70. Let f = a + -15. Let m(d) = -3*d - 16. Let h be m(f). Calculate the highest common divisor of h and 23.
23
Suppose -9*y - 10 = 8. Let c be 1892/(-66)*9/y. Calculate the highest common factor of c and 215.
43
Suppose -3*d + 9 = -2*d. Let u = 289 - 10. Let r = u + -198. Calculate the highest common factor of d and r.
9
Let o = 359 - 675. Let i = o + 508. Calculate the highest common divisor of i and 60.
12
Let u = 26 + -22. Suppose 9*x - u*x - 10 = 0. Suppose -48 = -3*a - 3*h, -a + 16 = x*h - 0*h. Calculate the highest common divisor of 112 and a.
16
Let q(r) = 73*r**3 + 5*r**2 - 3*r + 10. Let o be q(2). What is the highest common divisor of o and 247?
19
Let t be 935/374 - (-577)/2. What is the greatest common factor of t and 97?
97
Suppose -101*s = -v - 98*s + 513, -2*s + 2718 = 5*v. Let c be (-1 - (-2)/(-4))*-40. Calculate the greatest common divisor of v and c.
60
Let m = -1510 + 5002. Calculate the greatest common divisor of 72 and m.
36
Suppose -14*v + 40*v + 3978 = 0. Let s = v - -279. What is the highest common factor of 14 and s?
14
Let y(a) = 44*a - 79. Let c(l) = 3*l + 24. Let x be c(-7). Let d be y(x). Calculate the highest common factor of d and 371.
53
Suppose 149*a - 49033 = 42*a - 8694. Calculate the greatest common factor of a and 299.
13
Suppose 0 = -4*c + 57 + 51. Let h = -190753 + 190834. Calculate the greatest common factor of c and h.
27
Suppose 4*p - q + 1 = -1, -3*q + 6 = 4*p. Suppose p = 4*s - 9*s - o + 1026, 0 = -5*s - 4*o + 1029. What is the highest common divisor of 82 and s?
41
Suppose 0 = 4*u - 5*p - 50, -2*u + 5*u = 5*p + 40. Let q = -3829 + 3849. Calculate the greatest common divisor of q and u.
10
Let s be 24/(-56) + (114060/(-7))/(-10). What is the greatest common divisor of 9 and s?
9
Let o(s) = -10*s**3 - 13*s**2 - 12*s - 1. Let n be o(-3). Calculate the greatest common factor of n and 10528.
188
Let n be 0 + 1 - -7*(-54)/63. Let t be (-2)/n*110/(-44) + 44. Calculate the greatest common factor of t and 1.
1
Suppose 10*i - 16*i = -372. Let z = 31 + 124. What is the greatest common divisor of i and z?
31
Let r be 0 + 16 - (60 + -316). Calculate the highest common divisor of r and 2516.
68
Let y be (-5 + 3)*(-5)/2. Let s be (1 - (-1 + -3))/((-281)/(-4777)). Calculate the greatest common factor of s and y.
5
Suppose -10*w + 170 = 4*v - 12*w, -4*v + 4*w + 164 = 0. Calculate the highest common factor of v and 3102.
22
Let a(s) = -s**2 + 4*s + 45. Let m be a(9). Let d be -5 + (237 - (m + 1)). What is the greatest common factor of d and 63?
21
Let k be 1*(42 - 1 - -1). Suppose 0 = -6589*c + 6788*c - 71043. What is the highest common divisor of k and c?
21
Let y(w) = -5*w + 109. Let p be y(-40). Let k = 312 - p. What is the highest common divisor of k and 96?
3
Let j = 481 + -245. Suppose 8*r + j = 12*r. What is the highest common factor of r and 1475?
59
Let h = -62 - -136. Let r = h + -42. Let y be ((-24)/(-9))/(2/72). What is the greatest common divisor of y and r?
32
Let z be ((-568)/184 - -3) + 5938/46. What is the highest common factor of z and 4214?
43
Let k(w) = 3*w - 1. Let d be 2/(-4) - (3 - 270/12). Let b = d + -15. Let q be k(b). Calculate the greatest common divisor of 121 and q.
11
Let h = -2307 + 2489. Let x = -13 + 16. Suppose -x*s + 30 = -48. Calculate the highest common factor of h and s.
26
Suppose -14*d - 12*d + 52 = 0. Suppose -d*h = 59 - 73. Let g be 1 - 2 - 2/(-1). Calculate the greatest common factor of g and h.
1
Suppose 28*a - 90 - 40 = 710. Let q be 0 + 3 + 0 + 167. What is the greatest common divisor of a and q?
10
Suppose 2*t - 4*c - 86 = 0, 0 = -5*t - c - 3*c + 201. Suppose -t*x - 114 = -43*x. Calculate the greatest common factor of x and 19.
19
Let h be (0/(-13))/(5 + -4). Suppose -g - 4*s + 240 = h, 2*g + 4*s - 480 = 8*s. Calculate the highest common factor of 96 and g.
48
Suppose -18052 + 40868 + 42799 = 5*x. What is the highest common factor of 11 and x?
11
Let j = 113 - -63. Let g = -3589 + 3701. What is the highest common divisor of g and j?
16
Let o be -2*(0 - 3/(-6))*2. Let i be (-4640)/(-48) + o/(-6). Let m = i + -71. Calculate the highest common factor of 13 and m.
13
Suppose 0 = -37*w + 72 + 39. Suppose w*o + 2*j - 27 = 0, 3*j + 9 = o - 0*j. Calculate the greatest common factor of 1152 and o.
9
Let d be (1/2)/(1/94). Let v = -440 - -481. Let z = d - v. Calculate the greatest common divisor of z and 2.
2
Let d = -722 - -1058. Suppose j = c - 95 - 28, c + 4*j = 138. What is the highest common factor of d and c?
42
Let u(z) = 275*z**3 - 6*z**2 + 69*z - 194. Let w be u(3). What is the greatest common divisor of 104 and w?
104
Suppose -2*k - 357 = -10*u + 5*u, -u = 2*k - 81. Suppose 0 = 22*q - 1247 - u. What is the greatest common factor of 15 and q?
15
Let j(i) = -33*i**2 - 850*i - 5. Let p be j(-5). Calculate the highest common factor of p and 900.
180
Let t be 4 - (8 - (-4 - -10)). Suppose -114 = -t*i - 4*d + 8, 0 = 4*i + 2*d - 226. Calculate the highest common factor of 5 and i.
5
Let p(r) = 664*r + 1624. Let y be p(9). What is the highest common divisor of 456 and y?
152
Let y be (-2)/(-10) + 201753/435. Calculate the highest common divisor of y and 290.
58
Let h(i) = -2*i + 3. Let x be h(-5). Let v(c) = -c**2 + 672. Let t be v(23). What is the highest common factor of t and x?
13
Le